{"id":26,"date":"2018-09-22T16:05:18","date_gmt":"2018-09-22T16:05:18","guid":{"rendered":"http:\/\/gundl.net\/?page_id=26"},"modified":"2018-10-15T15:48:18","modified_gmt":"2018-10-15T15:48:18","slug":"our-vision","status":"publish","type":"page","link":"https:\/\/gundl.net\/?page_id=26","title":{"rendered":"Our Vision"},"content":{"rendered":"<p>Wir wollen Horizonte erweitern und Menschen bef\u00e4higen gemeinsam in unterschiedlichen kulturellen Settings Au\u00dfergew\u00f6hnliches zu erreichen. In unseren Arbeitsfelden<\/p>\n<p>Kommunikationstraining<br \/>\nChange Management<br \/>\nPublishing<br \/>\nPublic Relations \/ Press<\/p>\n<p>steht unser Unternehmen f\u00fcr Offenheit und die Vermittlung humaner Werte. Wir f\u00fchlen uns unseren Kunden und Partnern ebenso verpflichtet wie den Werten, die das menschliche Zusammenleben im 21. Jahrhundert ausmachen.<\/p>\n<p>Unser Ziel ist es, uns in allen Unternehmensbereichen unserer sozialen Verantwortung zu stellen und unseren MitarbeiterInnen und Kunden die bestm\u00f6glichen Wege zum pers\u00f6nlichen und unternehmerischen Erfolg aufzuzeigen.<\/p>\n","protected":false},"excerpt":{"rendered":"<p>Wir wollen Horizonte erweitern und Menschen bef\u00e4higen gemeinsam in unterschiedlichen kulturellen Settings Au\u00dfergew\u00f6hnliches zu erreichen. In unseren Arbeitsfelden Kommunikationstraining Change Management Publishing Public Relations \/ Press steht unser Unternehmen f\u00fcr Offenheit und die Vermittlung humaner Werte. Wir f\u00fchlen uns unseren Kunden und Partnern ebenso verpflichtet wie den Werten, die das menschliche Zusammenleben im 21. Jahrhundert &hellip; <\/p>\n<p class=\"link-more\"><a href=\"https:\/\/gundl.net\/?page_id=26\" class=\"more-link\"><span class=\"screen-reader-text\">\u201eOur Vision\u201c <\/span>weiterlesen<\/a><\/p>\n","protected":false},"author":1,"featured_media":0,"parent":0,"menu_order":0,"comment_status":"closed","ping_status":"closed","template":"","meta":{"footnotes":""},"class_list":["post-26","page","type-page","status-publish","hentry"],"_links":{"self":[{"href":"https:\/\/gundl.net\/index.php?rest_route=\/wp\/v2\/pages\/26","targetHints":{"allow":["GET"]}}],"collection":[{"href":"https:\/\/gundl.net\/index.php?rest_route=\/wp\/v2\/pages"}],"about":[{"href":"https:\/\/gundl.net\/index.php?rest_route=\/wp\/v2\/types\/page"}],"author":[{"embeddable":true,"href":"https:\/\/gundl.net\/index.php?rest_route=\/wp\/v2\/users\/1"}],"replies":[{"embeddable":true,"href":"https:\/\/gundl.net\/index.php?rest_route=%2Fwp%2Fv2%2Fcomments&post=26"}],"version-history":[{"count":3,"href":"https:\/\/gundl.net\/index.php?rest_route=\/wp\/v2\/pages\/26\/revisions"}],"predecessor-version":[{"id":59,"href":"https:\/\/gundl.net\/index.php?rest_route=\/wp\/v2\/pages\/26\/revisions\/59"}],"wp:attachment":[{"href":"https:\/\/gundl.net\/index.php?rest_route=%2Fwp%2Fv2%2Fmedia&parent=26"}],"curies":[{"name":"wp","href":"https:\/\/api.w.org\/{rel}","templated":true}]}}